 21 + k. Is 7 a factor of q?
False
Let o(a) = a**3 - 20*a**2 + a + 10. Let i be o(19). Let p be (-1*4)/(4/6). Is i/(-14) - p/21 a multiple of 8?
True
Let r = 9 - 13. Does 11 divide 25 + r/((-4)/(-3))?
True
Does 10 divide (1 - (-4 + 7 - -1)) + 51?
False
Let v be (-6)/(-5)*(-50)/(-3). Does 2 divide 10*(-2 - (-48)/v)?
True
Suppose -k - n + 7 = 0, 4*k + 5*n - 38 = -6. Let o = 9 - k. Suppose -o*x + 30 = -4*x. Does 5 divide x?
True
Let z(u) = -u**2 - 4*u + 8. Let i be z(-6). Let k(g) = -g + 1. Let t be k(i). Suppose 4*s + t*v - 74 = 0, 0 = 2*s + 2*v - 30 - 6. Is s a multiple of 8?
True
Suppose k - 15 = -d, 3*k = -d + 6*d - 51. Is 6 a factor of d?
True
Suppose -3*h + 4*u = 7, -h - 17 = u - 6*u. Suppose 4*c + 79 = 4*v + h*c, c = 3*v - 59. Let p = 0 + v. Does 10 divide p?
True
Let d = 4 + 6. Is 10 a factor of d?
True
Let b(a) = a**3 + 9*a**2 + 11*a + 9. Suppose 0 = 2*f + 22 - 8. Let r be b(f). Does 6 divide (6/15)/(1/r)?
True
Suppose 96 = 3*r - 60. Is 12 a factor of (-2 - (-3 - -2)) + r?
False
Let y(f) = 2*f**2 - 10*f + 4. Let m be y(9). Suppose 0*d = 2*w - 2*d - m, -4*w - 3*d = -138. Does 18 divide w?
True
Let q(z) = 2*z**3 - 4*z**2 + 4*z - 4. Let m = 2 - -1. Does 13 divide q(m)?
True
Suppose 0 = -6*g + 3*g + 9. Let u(f) = 9*f - 6. Is 7 a factor of u(g)?
True
Does 2 divide (-16)/3*9/(-6)?
True
Let r be (2/(-3))/((-3)/(-45)). Does 5 divide 47/3 + r/15?
True
Suppose -4*p = 4*i + p - 147, 123 = 4*i - 3*p. Is 11 a factor of i?
True
Let u = -7 - -98. Suppose 4*y - 20 = -y. Suppose -93 = -y*l + u. Does 23 divide l?
True
Suppose -4*r + 3*w = -165, 3*w + 4 = 7*w. Does 14 divide r?
True
Suppose 4*n = -0*n + 140. Let k = n + 57. Suppose -k = 3*h - 7*h. Is h a multiple of 10?
False
Let f(p) be the first derivative of p**3/3 - 2*p**2 - 4*p - 2. Suppose 0*i + 8 = i. Is f(i) a multiple of 14?
True
Suppose 4*c = b + 15, b = -3*c - 3*b - 3. Let p(r) = -r**2 + 6*r - 4. Let s be p(c). Suppose 25 + s = 5*y. Is y a multiple of 3?
True
Let q be ((-12)/2)/(12/(-32)). Is (q/6)/((-2)/(-6)) a multiple of 4?
True
Let n(c) = -5 - 4 + 6*c + 0. Is n(4) a multiple of 5?
True
Suppose -s - 5*s = -366. Is 14 a factor of s?
False
Let l(p) = p**2 + 12*p - 17. Is l(-15) a multiple of 4?
True
Let q(r) = 2*r - 6. Let a be q(-6). Let u(m) = 36*m**3 - m**2 - m - 1. Let p be u(-1). Let j = a - p. Is j a multiple of 6?
False
Let r be 1/2 - 3/(-6). Let z(b) = 19*b - 1. Is 6 a factor of z(r)?
True
Let n = -1 + 7. Suppose -5*b - 4*f = 283, -3*b - f + 180 = -n*b. Let k = b - -98. Is 16 a factor of k?
False
Let l(p) = 4*p**3 + 1. Let u be l(1). Suppose u*h + q = 4*q - 161, -4*h = -2*q + 130. Let f = 69 + h. Does 13 divide f?
False
Let u = 455 + -649. Let p = u + 324. Suppose 2*n + j - 88 = -0*n, -j + p = 3*n. Is 21 a factor of n?
True
Let x be (341/22)/(1/6). Let n(s) = -s**3 + 3*s**2 + s - 2. Let u be n(2). Suppose -m + u*m = x. Is 12 a factor of m?
False
Let b be 138/9 - (-8)/12. Let o = 22 - b. Is o a multiple of 5?
False
Let u be ((-3)/(-2))/3*112. Suppose 0 = 2*a + 2*a - u. Is 14 a factor of a?
True
Let s(d) = -d - 3. Suppose -2*a + 3*r = -2*r + 13, -4*a = -5*r + 31. Does 4 divide s(a)?
False
Suppose 0 = 7*u - 15*u + 1280. Is u a multiple of 32?
True
Is 18/(-8)*-26 - (-12)/8 a multiple of 15?
True
Is 13 a factor of 13*(-3)/(1 - 4)?
True
Let g(o) = 3*o**2 - 32*o - 13. Is g(12) a multiple of 3?
False
Let q(n) = 35*n**3 + n**2 - 3. Let i(c) = -71*c**3 - 2*c**2 + 7. Let t(m) = -2*i(m) - 5*q(m). Let d be t(2). Does 9 divide (-2)/8 - d/12?
False
Let n = 2 + 1. Let a(o) = o**3 - 3*o**2 + o - 3. Let r be a(n). Suppose r*t = 4*t - k - 61, -k = 2*t - 29. Does 12 divide t?
False
Let c(w) = w**3 - 5*w**2 - 7*w + 4. Let g be c(6). Let i(f) = -7*f - 2. Is i(g) a multiple of 5?
False
Suppose -4*w + 2*v - 3*v + 15 = 0, 3*w = v + 13. Let f(d) = -d**2 + 7*d + 3. Let j be f(7). Does 3 divide (w - 3)/(1/j)?
True
Suppose -2*r - 3*w + 8 = 0, 0*w - 8 = -2*r + 5*w. Suppose -2*p + 5*u = 2*u - 30, 5*p - r*u = 89. Is 13 a factor of p?
False
Let d = 55 + -33. Suppose -3*s - c = -14, 2*s + c - d = -3*s. Is 4 a factor of s?
True
Let z(b) = 1. Let u(c) = -6*c - 7. Let o(d) = -u(d) - 5*z(d). Let a be o(7). Suppose 3*j = -j + a. Is 4 a factor of j?
False
Let h = 4 - 0. Is 3 a factor of 10/h + (-6)/(-4)?
False
Let t = -119 + 199. Suppose u - 4*m - 33 = 0, -3*u - 3*m = -7*u + t. Is 17 a factor of u?
True
Let l = -6 - -14. Suppose -96 = 4*q - l*q. Does 12 divide q?
True
Let f be 0 + (11 - 0 - 2). Suppose -19 = -4*p - 4*v - 55, -f = p + 3*v. Let y(z) = z**3 + 11*z**2 + 12*z - 10. Is 16 a factor of y(p)?
False
Suppose 3*x = -2*x + 245. Is 10 a factor of x?
False
Let n be -16*(-1)/2*1. Let h = 18 - n. Is 4 a factor of h?
False
Let k(w) = 2*w**2 - 2*w**2 - w**2 - 16*w**3 + 9*w**3. Is k(-1) a multiple of 3?
True
Suppose 0 = -6*w + 3*w + 960. Does 40 divide w?
True
Let y(k) = k**2 + 5*k - 4. Does 14 divide y(5)?
False
Let i = -24 + 12. Let p = 0 - i. Is p a multiple of 4?
True
Let w(t) = 11*t**3 - 1. Let s be w(1). Let b = 20 + 3. Let d = b - s. Is 6 a factor of d?
False
Let l be 10/6 - 3/(-9). Let d = l + -1. Suppose 3*u + d - 16 = 0, -2*s + 32 = 2*u. Is s a multiple of 11?
True
Is 14 a factor of (2844/54)/((-2)/(-6))?
False
Suppose 11 = -3*u + 5*t, 0*u + 5*t - 35 = -5*u. Suppose u*v = -5*b + 109, -2*v = 4*b - 0*v - 88. Does 13 divide b?
False
Let y = 5 + -2. Let m(o) = -3*o**2 - 3*o + 6. Let l(u) = 3*u**2 + 4*u - 7. Let c(x) = -5*l(x) - 6*m(x). Does 10 divide c(y)?
True
Suppose 2*y + 2*l + 0 = 6, 12 = -3*l. Let m = -13 + y. Is m - -9 - 20/(-2) a multiple of 13?
True
Let h(m) = -m**3 + 8*m**2 - 3*m + 3. Is h(6) a multiple of 19?
True
Let g = -7 + -6. Is 36/2 - (-10 - g) a multiple of 15?
True
Let k(l) = 2*l**2 - 10*l - 2. Is 26 a factor of k(7)?
True
Does 3 divide -2 - -1 - (1 + -5)?
True
Suppose -3*d = 4*d - 364. Is d a multiple of 12?
False
Let n(b) = b**3 + 8*b**2 + 6*b - 1. Let v be n(-5). Is 14 a factor of 8/v - 1008/(-22)?
False
Let y(q) = -3*q. Let a be 4/3*(-54)/(-4). Suppose 2*c = -2*c + n - a, 4*n - 8 = 0. Is y(c) a multiple of 6?
True
Let o(q) = -q**3 - 7*q**2 - 4*q. Let u be o(-6). Let f be 1/(2/u - 0). Is 1 + (-3)/f*14 a multiple of 7?
False
Let n(g) = 97*g**3 - 3*g**2 + 5*g - 1. Is 7 a factor of n(1)?
True
Does 14 divide (-9)/(-3) + (-52)/(-2)?
False
Let h = -79 + 131. Does 16 divide h?
False
Suppose -i - 1 = -4. Suppose -2*k = i*w - 34, 5*w + 48 = 4*k - 42. Does 6 divide k?
False
Let m be (2 - -2)/(4 - 3). Suppose o = -m*a - 24, 29 = 2*o - 3*o - 3*a. Is 15 a factor of 12/4*o/(-3)?
False
Let j be (-16)/(-6)*(-3)/2. Suppose 8 - 3 = l. Is 5 a factor of (l/(-2))/(1/j)?
True
Let b = 111 - 9. Is b a multiple of 14?
False
Suppose -2*z + 172 = 5*a, -2*a + 2*z = 3*a - 188. Does 9 divide a?
True
Suppose 0 = -2*s - 2*w + 88, 2*s + 3*w - 97 = -2*w. Is s a multiple of 16?
False
Let c be (-2 - 0) + -1 + 133. Let l = c - 46. Suppose l - 20 = 2*b. Is 21 a factor of b?
False
Suppose 0 = -4*w - w + 15. Suppose 4*g + g = w*l - 71, 0 = 5*g + 20. Is 6 a factor of l?
False
Is 2 a factor of 4/4*3 + 3?
True
Is 13 a factor of (-180)/(-7) - (-4)/14?
True
Let u(t) = -t + 8. Let h be u(5). Suppose 2*o + 6 = 0, 32 = -0*k + k - h*o. Is k a multiple of 10?
False
Let f = 10 - -5. Does 3 divide f?
True
Suppose -6*j = -110 - 70. Is 5 a factor of j?
True
Let d = 41 + -6. Is d a multiple of 5?
True
Does 6 divide (-166)/(-14) + 12/84?
True
Let q(i) = -i**3 + 6*i**2 - i + 5. Suppose 6*d = -2*j + d + 16, 5*j - 3*d = 71. Let x = 18 - j. Is q(x) a multiple of 9?
False
Let m = -5 - -2. Let p = m + 11. Does 4 divide p?
True
Suppose 0 = -2*t + 10, -10 = 2*q - q - 3*t. Suppose 6*m = m - q. Is 23 a factor of 51*(m - 15/(-9))?
False
Suppose 2*n + b - 267 = 0, 0*n + n - 121 = -3*b. Is 17 a factor of n/6*(-6)/(-2)?
True
Suppose 3*i = 2*i - 5*l - 12, 5*l + 6 = -3*i. Suppose 0 = -3*u - 5*c + 40, c = -i*c - 4. Let t = u + -8. Is 4 a factor of t?
False
Is 573/27 - (-2)/(-9) a multiple of 7?
True
Let l(u) = u**3 + 7*u**2 + 5*u + 5. Let o(f) = -f. Let n be o(0). Suppose 0 = -n*y + 2*y + 12. Does 11 divide l(y)?
True
Let g(o) = -11*o - 4. Suppose -3*p - 1 - 14 = 0. Is 13 a factor of g(p)?
False
Let k(o) = -3*o - 3. Is 4 a factor of k(-13)?
True
Let w = -3 - -4. Let h be -1*w*(0 + -66). Suppose 0 = 4*u + 14 - h. Is 5 a factor of u?
False
Suppose -155 + 467 = 2*p. Suppo